7?
9
What is the tens digit of 1085999434?
3
What is the hundreds digit of 5378639925?
9
What is the hundreds digit of 35164839?
8
What is the hundred thousands digit of 158425330?
4
What is the millions digit of 2636450836?
6
What is the tens digit of 2058247502?
0
What is the tens digit of 158798621?
2
What is the billions digit of 2490969460?
2
What is the thousands digit of 58605767?
5
What is the thousands digit of 701891009?
1
What is the hundreds digit of 1145973655?
6
What is the thousands digit of 2318138714?
8
What is the hundreds digit of 917327030?
0
What is the ten millions digit of 79820688?
7
What is the ten thousands digit of 195247978?
4
What is the hundred millions digit of 1815612398?
8
What is the hundreds digit of 14167242?
2
What is the units digit of 85742321?
1
What is the millions digit of 461785278?
1
What is the hundred thousands digit of 4563897487?
8
What is the thousands digit of 1687409625?
9
What is the hundreds digit of 16973761?
7
What is the ten millions digit of 57668033?
5
What is the tens digit of 583881960?
6
What is the thousands digit of 171282195?
2
What is the ten millions digit of 18598668?
1
What is the hundred millions digit of 2318123518?
3
What is the ten thousands digit of 7875204?
7
What is the hundred thousands digit of 40601918?
6
What is the hundred millions digit of 4373001579?
3
What is the units digit of 30160576?
6
What is the ten thousands digit of 494138949?
3
What is the hundreds digit of 885331301?
3
What is the ten millions digit of 221162880?
2
What is the units digit of 907419231?
1
What is the hundreds digit of 44514711?
7
What is the ten millions digit of 53904409?
5
What is the millions digit of 53845834?
3
What is the tens digit of 294884181?
8
What is the units digit of 107141336?
6
What is the hundred thousands digit of 8139066645?
0
What is the hundreds digit of 1018485507?
5
What is the units digit of 127832480?
0
What is the hundred millions digit of 1461023418?
4
What is the hundred thousands digit of 566455?
5
What is the ten millions digit of 267752567?
6
What is the tens digit of 27106535?
3
What is the units digit of 49380422?
2
What is the millions digit of 54656953?
4
What is the hundreds digit of 52578507?
5
What is the ten millions digit of 915005248?
1
What is the hundreds digit of 56610160?
1
What is the tens digit of 231474240?
4
What is the millions digit of 191466016?
1
What is the hundred millions digit of 2381851949?
3
What is the ten millions digit of 201797690?
0
What is the hundred millions digit of 212999109?
2
What is the tens digit of 52679614?
1
What is the thousands digit of 134489581?
9
What is the ten thousands digit of 4496971265?
7
What is the hundreds digit of 341965670?
6
What is the ten thousands digit of 475333437?
3
What is the thousands digit of 182191744?
1
What is the ten thousands digit of 2279065223?
6
What is the thousands digit of 679956473?
6
What is the ten millions digit of 161852886?
6
What is the millions digit of 241635205?
1
What is the units digit of 624830841?
1
What is the hundred millions digit of 445857041?
4
What is the ten millions digit of 45027223?
4
What is the hundred thousands digit of 376057011?
0
What is the ten thousands digit of 2279193277?
9
What is the hundred millions digit of 465690063?
4
What is the ten millions digit of 98666930?
9
What is the ten millions digit of 35202458?
3
What is the ten thousands digit of 5479911322?
1
What is the ten thousands digit of 402029254?
2
What is the units digit of 344504964?
4
What is the tens digit of 17971063?
6
What is the hundred millions digit of 155627236?
1
What is the units digit of 239994474?
4
What is the tens digit of 246520864?
6
What is the ten thousands digit of 230111152?
1
What is the hundred thousands digit of 189194760?
1
What is the ten thousands digit of 30436612?
3
What is the thousands digit of 18196647?
6
What is the thousands digit of 3008087854?
7
What is the hundreds digit of 251347758?
7
What is the ten millions digit of 43162696?
4
What is the ten millions digit of 464486254?
6
What is the millions digit of 3893189371?
3
What is the ten millions digit of 3543635200?
4
What is the hundred thousands digit of 46110162?
1
What is the millions digit of 56522960?
6
What is the hundred millions digit of 1120293035?
1
What is the hundreds digit of 296280697?
6
What is the millions digit of 308779873?
8
What is the units digit of 30118898?
8
What is the billions digit of 4404834064?
4
What is the ten millions digit of 48608460?
4
What is the ten millions digit of 480994948?
8
What is the tens digit of 30921873?
7
What is the tens digit of 7478515?
1
What is the ten millions digit of 437526563?
3
What is the billions digit of 3585332638?
3
What is the ten thousands digit of 45948353?
4
What is the hundred thousands digit of 689496906?
4
What is the units digit of 12121934?
4
What is the thousands digit of 234384406?
4
What is the ten thousands digit of 929886?
2
What is the hundred millions digit of 5401532932?
4
What is the millions digit of 103601080?
3
What is the hundreds digit of 69670205?
2
What is the ten thousands digit of 176244899?
4
What is the ten millions digit of 112207225?
1
What is the hundreds digit of 200615489?
4
What is the millions digit of 3377058493?
7
What is the ten thousands digit of 497541121?
4
What is the hundreds digit of 2267103496?
4
What is the hundred millions digit of 424109827?
4
What is the thousands digit of 951145510?
5
What is the hundred thousands digit of 104952413?
9
What is the units digit of 1242750455?
5
What is the units digit of 100471744?
4
What is the units digit of 66795155?
5
What is the hundred thousands digit of 50036328?
0
What is the ten thousands digit of 7263163?
6
What is the hundreds digit of 1742221948?
9
What is the hundred thousands digit of 122651002?
6
What is the hundred millions digit of 577846728?
5
What is the tens digit of 528476146?
4
What is the ten millions digit of 3625113780?
2
What is the hundreds digit of 2960584938?
9
What is the thousands digit of 45084083?
4
What is the hundred millions digit of 2655391283?
6
What is the ten millions digit of 39985873?
3
What is the units digit of 3057390915?
5
What is the billions digit of 2478717629?
2
What is the units digit of 1000874796?
6
What is the units digit of 8199286197?
7
What is the hundred thousands digit of 2040519791?
5
What is the millions digit of 180999829?
0
What is the hundreds digit of 71326759?
7
What is the hundred thousands digit of 362339871?
3
What is the hundreds digit of 168680983?
9
What is the ten millions digit of 518700283?
1
What is the units digit of 702988552?
2
What is the ten millions digit of 656871387?
5
What is the millions digit of 537676128?
7
What is the units digit of 1360458157?
7
What is the ten thousands digit of 444231042?
3
What is the ten millions digit of 933914883?
3
What is the tens digit of 538120136?
3
What is the hundred thousands digit of 35579775?
5
What is the tens digit of 50075407?
0
What is the thousands digit of 762041184?
1
What is the ten thousands digit of 83424656?
2
What is the units digit of 247697357?
7
What is the hundred thousands digit of 78618112?
6
What is the tens digit of 3248660171?
7
What is the hundreds digit of 31702520?
5
What is the hundreds digit of 53242287?
2
What is the tens digit of 72001540?
4
What is the millions digit of 1715628715?
5
What is the hundred thousands digit of 1537296701?
2
What is the units digit of 52590098?
8
What is the hundred millions digit of 6640994295?
6
What is the hundred millions digit of 118917134?
1
What is the ten millions digit of 2970461048?
7
What is the tens digit of 12574036?
3
What is the tens digit of 12361821?
2
What is the ten millions digit of 252852268?
5
What is the tens digit of 371613184?
8
What is the hundreds digit of 39717044?
0
What is the units digit of 781810925?
5
What is the millions digit of 836677884?
6
What is the millions digit of 353965362?
3
What is the ten millions digit of 403499195?
0
What is the hundreds digit of 1128059686?
6
What is the hundreds digit of 58054586?
5
What is the millions digit of 29937425?
9
What is the thousands digit of 431398088?
8
What is the units digit of 233874